t g(c) = -c**3 + 15*c**2 - 49*c + 1375. Give g(17).
-36
Let x(q) = -q**3 - 16*q**2 + 31*q + 789. What is x(-16)?
293
Let v(y) = 63*y**3 - 109*y**2 - 53*y + 100. Calculate v(2).
62
Let f(r) = 107*r**2 + 19469*r - 839. Give f(-182).
71
Let p(o) = -o**3 - 88*o**2 + 5609*o + 959. Give p(43).
-73
Let t(h) = -h**3 - 364*h**2 - 1370*h + 257. Give t(-4).
-23
Let m(j) = j**2 - 178*j + 2019. Give m(12).
27
Let i(x) = 9*x**2 + 92*x + 1224. Determine i(-12).
1416
Let i(r) = r**2 + 2291*r + 7. Give i(0).
7
Let w(y) = 539*y - 254. Give w(-2).
-1332
Let y(n) = 39823*n + 199099. What is y(-5)?
-16
Let w(y) = -575*y + 9311. Give w(16).
111
Let u(g) = 289*g + 64917. Give u(-225).
-108
Let g(x) = -2*x**2 + 6185*x - 43368. Determine g(7).
-171
Let s(l) = -2*l**2 - 14563*l - 130905. Determine s(-9).
0
Let v(r) = 1082*r + 315951. What is v(-292)?
7
Let f(a) = -a**2 - 1344*a - 270850. Determine f(-247).
109
Let b(m) = 6*m**2 + 257*m + 1329. Give b(-36).
-147
Let m(p) = -339*p - 6889. Determine m(-20).
-109
Let g(m) = m**3 + 119*m**2 - 4329*m - 5466. What is g(-148)?
10
Let b(o) = 2136*o + 93913. Determine b(-44).
-71
Let t(i) = -2041*i + 2493. Give t(1).
452
Let r(f) = 49364*f + 3949197. Give r(-80).
77
Let m(y) = -2*y**2 + 56*y + 1084. What is m(36)?
508
Let g(s) = -s**3 + 559*s**2 + 2570*s - 1225. Calculate g(-5).
25
Let o(y) = 217*y**2 + 73*y + 257. Give o(-5).
5317
Let t(c) = -67*c**2 - 10051*c - 189. Determine t(-150).
-39
Let v(o) = -6392*o - 230107. Calculate v(-36).
5
Let c(l) = -3*l**2 - 198392*l + 992010. Determine c(5).
-25
Let d(v) = 5*v**2 + 96375*v + 578062. Determine d(-6).
-8
Let l(h) = 2*h**3 + 49*h**2 + 241*h + 18. Give l(-18).
-108
Let l(p) = 5*p**2 + 1390*p + 24607. What is l(-19)?
2
Let p(y) = -y**3 + 82*y**2 + 5465*y - 32. Determine p(-43).
-3902
Let x(f) = -11417*f - 1254. Give x(0).
-1254
Let f(y) = y**3 + 103*y**2 + 413*y + 1655. Calculate f(-99).
-28
Let y(b) = -502*b - 9019. Calculate y(-23).
2527
Let f(x) = 2360*x + 1689780. Give f(-716).
20
Let n(z) = -515*z + 246706. Determine n(479).
21
Let d(c) = -c**3 + 701*c**2 + 44034*c - 9091. What is d(759)?
17
Let i(v) = -9*v**3 - 460*v**2 - 115*v - 3266. Determine i(-51).
-2
Let i(j) = -j**3 - 78*j**2 + 12626*j - 2230. Determine i(-158).
-18
Let u(p) = -p**3 - 55*p**2 - 620*p + 204. Give u(-41).
2090
Let j(l) = 31*l**3 + l**2 + 19*l + 64. Calculate j(-4).
-1980
Let g(l) = -2*l**2 + 23*l - 862. Calculate g(16).
-1006
Let b(m) = 21*m**2 + 5121*m - 11067. Calculate b(-246).
3
Let h(q) = -q**2 + 2001*q + 252318. What is h(-119)?
38
Let y(j) = -j**2 - 5701*j + 137449. Calculate y(24).
49
Let o(b) = 14283*b + 185345. Calculate o(-13).
-334
Let v(r) = 16439*r - 114009. Determine v(7).
1064
Let d(m) = 5*m**2 - 86*m - 918. Determine d(26).
226
Let r(u) = 6*u**2 - 4*u + 140. Give r(8).
492
Let o(g) = -132*g**2 + 5147*g - 4974. Determine o(38).
4
Let t(n) = 15797*n + 46839. What is t(-3)?
-552
Let z(s) = 163*s - 17176. What is z(102)?
-550
Let a(n) = 2*n**2 + 922*n + 106195. Determine a(-238).
47
Let u(k) = -1095155*k - 7666082. Determine u(-7).
3
Let r(q) = -24*q**2 + 803*q - 23. Give r(33).
340
Let q(u) = 2*u**3 - 246*u**2 - 799*u + 98278. Calculate q(123).
1
Let n(j) = 2361*j + 198321. Give n(-84).
-3
Let t(r) = -r**2 + 1600*r + 80811. Determine t(-49).
10
Let f(n) = -13056*n - 913914. What is f(-70)?
6
Let j(d) = -2*d**2 + 5296*d + 95982. Calculate j(-18).
6
Let t(b) = b**3 - 9*b**2 + 74*b - 2299. Determine t(15).
161
Let h(b) = 933*b + 175229. Give h(-188).
-175
Let t(q) = 4*q**2 - 61*q - 3329. Determine t(-33).
3040
Let r(f) = -19*f**2 + 9606*f + 9622. What is r(-1)?
-3
Let g(z) = 1612*z - 17614. Determine g(11).
118
Let x(h) = -30*h**2 + 7267*h + 43573. Give x(-6).
-1109
Let m(g) = 249*g**3 - 18*g**2 + 16*g - 1. Determine m(1).
246
Let x(g) = -258*g + 1814. Calculate x(7).
8
Let t(f) = -80*f**3 - 1280*f**2 - 587*f - 9406. Determine t(-16).
-14
Let v(p) = 232*p**2 + 5344*p + 201. What is v(-23)?
17
Let p(a) = -47*a**2 + 330*a - 794. Determine p(5).
-319
Let u(s) = 2*s**2 + 297*s + 141. What is u(-148)?
-7
Let v(d) = -3*d**2 + 363*d + 1878. Determine v(-5).
-12
Let n(r) = -439*r**2 + 8761*r + 384. Determine n(20).
4
Let b(u) = 3*u**3 - 536*u**2 - 2382*u + 576. Determine b(183).
27
Let o(t) = -64*t**2 + 105*t - 737. Determine o(0).
-737
Let u(f) = 12579*f - 37730. What is u(3)?
7
Let f(h) = 1168*h + 644745. Determine f(-552).
9
Let q(p) = p**3 - 110*p**2 + 1188*p + 943. What is q(13)?
-6
Let t(c) = -15451*c - 30859. What is t(-2)?
43
Let o(f) = 3*f**2 - 488*f + 19787. What is o(76)?
27
Let y(n) = 11*n**3 - 7*n**2 - 589*n - 6. Give y(-7).
1
Let u(i) = 20*i**2 - 7491*i + 231569. Determine u(34).
-5
Let n(o) = -8531*o + 110990. Give n(13).
87
Let d(g) = -68*g**2 + 7*g + 85. Determine d(-2).
-201
Let h(t) = 3656*t - 2. Calculate h(0).
-2
Let t(p) = 10*p**3 - 25*p**2 - 117*p - 138. Give t(6).
420
Let p(s) = -1143*s**2 - 162308*s - 274. What is p(-142)?
10
Let l(d) = -489*d - 12239. Give l(-25).
-14
Let y(m) = 3*m**3 - 1489*m**2 + 6357*m + 19218. What is y(492)?
30
Let i(t) = -2510*t - 203321. Calculate i(-81).
-11
Let k(j) = 257*j**2 - 4121*j + 152. Calculate k(16).
8
Let i(m) = 42*m - 1255. Determine i(92).
2609
Let u(o) = -95*o**2 - 6468*o - 571. Give u(-68).
-27
Let t(k) = 4*k**2 - 1607*k - 37744. Give t(424).
-8
Let c(q) = -36776*q - 3420176. Give c(-93).
-8
Let k(h) = 193117*h + 9462738. What is k(-49)?
5
Let i(s) = s**2 + 889*s + 46573. Calculate i(-55).
703
Let h(f) = 234*f + 31990. What is h(-131)?
1336
Let c(y) = 422501*y - 1690027. Calculate c(4).
-23
Let y(j) = -1965*j + 149224. What is y(76)?
-116
Let g(n) = -3*n**2 - 44*n + 4032. Determine g(-46).
-292
Let y(x) = 9*x**3 + 413*x**2 - 78*x - 1483. Determine y(-46).
-11
Let g(h) = -h**3 + 177*h**2 - 64*h - 50047. Give g(175).
3
Let u(p) = -9862*p**2 - 39629*p - 726. What is u(-4)?
-2
Let t(r) = -r**3 - 78*r**2 + 964*r + 208. Calculate t(11).
43
Let z(n) = n**3 - 85*n**2 + 671*n - 42. Calculate z(76).
-1030
Let g(i) = 300*i + 55474. What is g(-188)?
-926
Let y(j) = -35*j**3 - 18*j**2 - 43*j - 2. Calculate y(-2).
292
Let t(x) = 701*x + 332862. What is t(-475)?
-113
Let y(o) = o**3 - o**2 - 657*o + 40. Calculate y(26).
-142
Let q(g) = -20*g**2 + 582*g - 4125. Give q(17).
-11
Let q(r) = r**3 - 10*r**2 + 92*r - 358. What is q(5)?
-23
Let t(p) = 7*p**3 - 120*p**2 + 368*p + 433. Determine t(7).
-470
Let y(r) = 2*r**3 + 5*r**2 - 27631*r + 55237. Determine y(2).
11
Let l(h) = 343*h + 1052. What is l(-3)?
23
Let i(l) = l**2 - 30572*l - 611827. What is i(-20)?
13
Let f(l) = 54380*l + 1033234. Give f(-19).
14
Let g(i) = 2*i**2 + 6253*i + 634460. Calculate g(-105).
-55
Let t(y) = 17870*y + 4628339. What is t(-259)?
9
Let n(g) = 2975*g + 16743. Determine n(-5).
1868
Let y(w) = -w**3 + 9*w**2 - 82*w + 97. Give y(4).
-151
Let y(x) = 370*x + 832. Calculate y(-1).
462
Let s(t) = 3*t**2 + 147*t + 1427. Calculate s(-13).
23
Let g(v) = -10*v**2 + 93*v + 2097. What is g(-13)?
-802
Let q(y) = 19*y**2 - 64*y + 1165. Give q(15).
4480
Let s(z) = z**3 + 22*z**2 + 7*z - 204. What is s(-5)?
186
Let w(u) = -2190*u + 63784. What is w(30)?
-1916
Let g(d) = 26775*d - 455166. What is g(17)?
9
Let y(j) = -j**2 + 6633*j + 233384. Give y(-35).
4
Let q(d) = -4*d**2 + 542*d - 7973. What is q(16)?
-325
Let i(j) = 2*j**2 - 570*j + 13781. Give i(23).
1729
Let k(y) = 11*y**3 + 20*y**2 + 66*y - 17. Calculate k(-5).
-1222
Let n(q) = -37*q**2 - 2051*q - 27848. What is n(-32)?
-104
Let m(d) = -d**3 + 8*d**2 - 2526*d + 33183. Calculate m(13).
-500
Let l(b) = 2544*b + 2409387. Give l(-947).
219
Let h(m) = -23*m**2 - 3448*m - 34889. Determine h(-139).
0
Let t(y) = -35*y**2 + 189*y + 1018. Give t(-6).
-1376
Let w(z) = -z**2 - 1523*z + 367671. Determine w(212).
-149
Let n(k) = 19*k**2 - 559*k - 53. Determine n(29).
-285
Let k(a) = 249495*a + 748478. Calculate k(-3).
-7
Let i(o) = -9*o**2 + 1633*o + 1850. Determine i(182).
940
Let u(r) = 10*r**3 + 652*r**2 + 138*r + 515. Calculate u(-65).
-5
Let y(n) = -291*n + 177. Calculate y(1).
-114
Let a(o) = 12*o**2 + 1736*o - 11471. What is a(-151)?
5
Let w(h) = -2*h**3 - 214*h**2 - 1208*h + 16. Give w(-6).
-8
Let j(n) = -69*n**2 - 533*n - 518. Calculate j(-5).
422
Let f(h) = -6*h**2 - 238*h - 962. Determine f(-27).
1090
Let m(f) = 74627*f - 6641823. Gi